{"id":6129,"date":"2023-02-09T00:09:42","date_gmt":"2023-02-09T00:09:42","guid":{"rendered":"https:\/\/inclusionsinlimitaciones.cl\/?page_id=6129"},"modified":"2023-02-09T01:29:06","modified_gmt":"2023-02-09T01:29:06","slug":"pc6","status":"publish","type":"page","link":"https:\/\/inclusionsinlimitaciones.cl\/index.php\/pc6\/","title":{"rendered":"Proyecto Cerrado N\u00b06"},"content":{"rendered":"\t\t<div data-elementor-type=\"wp-page\" data-elementor-id=\"6129\" class=\"elementor elementor-6129\">\n\t\t\t\t\t\t<section class=\"elementor-section elementor-top-section elementor-element elementor-element-55cc07b elementor-section-boxed elementor-section-height-default elementor-section-height-default\" data-id=\"55cc07b\" data-element_type=\"section\">\n\t\t\t\t\t\t<div class=\"elementor-container elementor-column-gap-default\">\n\t\t\t\t\t<div class=\"elementor-column elementor-col-100 elementor-top-column elementor-element elementor-element-0e3cf8f\" data-id=\"0e3cf8f\" data-element_type=\"column\">\n\t\t\t<div class=\"elementor-widget-wrap elementor-element-populated\">\n\t\t\t\t\t\t\t<\/div>\n\t\t<\/div>\n\t\t\t\t\t<\/div>\n\t\t<\/section>\n\t\t\t\t<section class=\"elementor-section elementor-top-section elementor-element elementor-element-5608a66 elementor-section-boxed elementor-section-height-default elementor-section-height-default\" data-id=\"5608a66\" data-element_type=\"section\">\n\t\t\t\t\t\t<div class=\"elementor-container elementor-column-gap-default\">\n\t\t\t\t\t<div class=\"elementor-column elementor-col-100 elementor-top-column elementor-element elementor-element-1dc4805\" data-id=\"1dc4805\" data-element_type=\"column\">\n\t\t\t<div class=\"elementor-widget-wrap elementor-element-populated\">\n\t\t\t\t\t\t<div class=\"elementor-element elementor-element-9ae2713 elementor-widget elementor-widget-text-editor\" data-id=\"9ae2713\" data-element_type=\"widget\" data-widget_type=\"text-editor.default\">\n\t\t\t\t<div class=\"elementor-widget-container\">\n\t\t\t\t\t\t\t\t\t<p><strong>FONDO MIDESO CHILE COMPROMISO DE TODOS 2021 2\u00b0 SEMESTRE<\/strong><\/p><p><b style=\"color: #000000; font-family: inherit; font-style: inherit; white-space: pre-wrap;\">El Ministerio de Desarrollo Social considerando que la crisis sanitaria no se encuentra superada y que sus efectos han impactado fuertemente la vida y salud de muchas personas, en particular, aquellas familias y\/o grupos m\u00e1s vulnerables de nuestro pa\u00eds, se ha requerido el esfuerzo solidario y conjunto de la alianza p\u00fablico privada para coordinar de manera colaborativa estrategias que permitan ir en ayuda de aquellos sectores de la sociedad que se han visto m\u00e1s afectados por la crisis sanitaria. Teniendo presente la labor entregada al Ministerio de velar por la participaci\u00f3n de la sociedad civil y de la aplicaci\u00f3n de planes que permitan erradicar la pobreza y brindar protecci\u00f3n social a las personas y familias, se aprobaron las Bases Administrativas y T\u00e9cnicas del Concurso P\u00fablico del Fondo de Iniciativas para la Superaci\u00f3n de la Pobreza: \u201cChile Compromiso de Todos &#8211; Fundaciones y Corporaciones, Segundo Semestre a\u00f1o 2021\u201d.<br \/><\/b><\/p><p><b style=\"font-family: inherit; font-style: inherit; white-space: pre-wrap; color: #000000;\">El empleo y la socializaci\u00f3n es, para las personas con discapacidad, el mayor factor de inclusi\u00f3n social y normalizaci\u00f3n. En este confinamiento tendremos que ser flexibles, asertivos y entender que cada persona es diferente, con sus propias necesidades. Como Corporaci\u00f3n Apertura para el Ma\u00f1ana apostamos a continuar con este trabajo a trav\u00e9s del uso de una aula virtual en colaboraci\u00f3n con USACH dando continuidad a los talleres de preparaci\u00f3n para el trabajo y por otra parte, el fortalecimiento de un taller productivo presencial y la implementaci\u00f3n de un servicio de cafeter\u00eda y\/o teter\u00eda como una forma de ir proyectando espacios de trabajo con apoyo, por otra parte, este proyecto contempla durante toda la ejecuci\u00f3n del apoyo de un equipo de profesionales que acompa\u00f1ar\u00e1n los procesos de inserci\u00f3n, de socializaci\u00f3n, de comunicaci\u00f3n y de estabilidad de los j\u00f3venes y\/o adultos y de sus familias, con el objetivo de asegurar su permanencia y desarrollar procesos personales para el mejoramiento de su calidad de vida. <\/b><\/p><p><b style=\"font-family: inherit; font-style: inherit; white-space: pre-wrap; color: #000000;\">\u00a0<\/b><\/p>\t\t\t\t\t\t\t\t<\/div>\n\t\t\t\t<\/div>\n\t\t\t\t<div class=\"elementor-element elementor-element-775a187 elementor-arrows-position-outside elementor-widget__width-inherit elementor-pagination-position-outside elementor-widget elementor-widget-image-carousel\" data-id=\"775a187\" data-element_type=\"widget\" data-settings=\"{&quot;slides_to_show&quot;:&quot;1&quot;,&quot;navigation&quot;:&quot;both&quot;,&quot;autoplay&quot;:&quot;yes&quot;,&quot;pause_on_hover&quot;:&quot;yes&quot;,&quot;pause_on_interaction&quot;:&quot;yes&quot;,&quot;autoplay_speed&quot;:5000,&quot;infinite&quot;:&quot;yes&quot;,&quot;effect&quot;:&quot;slide&quot;,&quot;speed&quot;:500}\" data-widget_type=\"image-carousel.default\">\n\t\t\t\t<div class=\"elementor-widget-container\">\n\t\t\t\t\t\t\t<div class=\"elementor-image-carousel-wrapper swiper\" role=\"region\" aria-roledescription=\"carousel\" aria-label=\"Carrusel de im\u00e1genes\" dir=\"ltr\">\n\t\t\t<div class=\"elementor-image-carousel swiper-wrapper\" aria-live=\"off\">\n\t\t\t\t\t\t\t\t<div class=\"swiper-slide\" role=\"group\" aria-roledescription=\"slide\" aria-label=\"1 de 1\"><figure class=\"swiper-slide-inner\"><img decoding=\"async\" class=\"swiper-slide-image\" src=\"https:\/\/inclusionsinlimitaciones.cl\/wp-content\/uploads\/2023\/02\/p6-444x222.jpg\" alt=\"p6\" \/><\/figure><\/div>\t\t\t<\/div>\n\t\t\t\t\t<\/div>\n\t\t\t\t\t\t<\/div>\n\t\t\t\t<\/div>\n\t\t\t\t<div class=\"elementor-element elementor-element-ab6ce78 elementor-widget elementor-widget-text-editor\" data-id=\"ab6ce78\" data-element_type=\"widget\" data-widget_type=\"text-editor.default\">\n\t\t\t\t<div class=\"elementor-widget-container\">\n\t\t\t\t\t\t\t\t\t<p style=\"text-align: justify;\"><strong>Este proyecto ten\u00eda como objetivo general fortalecer los procesos de taller productivo y de servicios en v\u00edas de avanzar hacia centros laborales sustentables, que permitan el ejercicio del derecho al trabajo de personas en situaci\u00f3n de discapacidad intelectual, cohesionando instancias de un espacio de trabajo protegido que funcione en forma permanente en alianzas con otras organizaciones y\/o instituciones.<\/strong><\/p><p style=\"text-align: justify;\"><span style=\"font-size: 16px; white-space: pre-wrap;\"><b>Resultados:<\/b><\/span><\/p><p style=\"text-align: justify;\"><strong>\u2022 Taller productivo fortalecido y en ejecuci\u00f3n con 21 participantes en forma permanente.<\/strong><br \/><strong>\u2022 Espacio de servicio de cafeter\u00eda y\/o teteria habilitado y funcionando.<\/strong><br \/><strong>\u2022 3 alianzas de cooperaci\u00f3n con personas u organizaciones de la Regi\u00f3n Metropolitana en funcionamiento: Oficina de Discapacidad Municipalidad de Renca, Departamento de Diversidad e Inclusi\u00f3n Municipalidad de Macul, Cafeter\u00eda Precolombino.<\/strong><br \/><strong>\u2022 16 j\u00f3venes y\/o adultos y sus familias y con acompa\u00f1amiento y seguimiento por parte del equipo profesional de APM y estudiantes en pr\u00e1ctica.<\/strong><\/p>\t\t\t\t\t\t\t\t<\/div>\n\t\t\t\t<\/div>\n\t\t\t\t\t<\/div>\n\t\t<\/div>\n\t\t\t\t\t<\/div>\n\t\t<\/section>\n\t\t\t\t<\/div>\n\t\t","protected":false},"excerpt":{"rendered":"<p>FONDO MIDESO CHILE COMPROMISO DE TODOS 2021 2\u00b0 SEMESTRE El Ministerio de Desarrollo Social considerando que la crisis sanitaria no se encuentra superada y que sus efectos han impactado fuertemente la vida y salud de muchas personas, en particular, aquellas familias y\/o grupos m\u00e1s vulnerables de nuestro pa\u00eds, se ha requerido el esfuerzo solidario y &hellip; <a href=\"https:\/\/inclusionsinlimitaciones.cl\/index.php\/pc6\/\" class=\"more-link\">Continue reading <span class=\"screen-reader-text\">Proyecto Cerrado N\u00b06<\/span><\/a><\/p>\n","protected":false},"author":1,"featured_media":4928,"parent":0,"menu_order":0,"comment_status":"closed","ping_status":"closed","template":"","meta":{"footnotes":""},"class_list":["post-6129","page","type-page","status-publish","has-post-thumbnail","hentry"],"_links":{"self":[{"href":"https:\/\/inclusionsinlimitaciones.cl\/index.php\/wp-json\/wp\/v2\/pages\/6129","targetHints":{"allow":["GET"]}}],"collection":[{"href":"https:\/\/inclusionsinlimitaciones.cl\/index.php\/wp-json\/wp\/v2\/pages"}],"about":[{"href":"https:\/\/inclusionsinlimitaciones.cl\/index.php\/wp-json\/wp\/v2\/types\/page"}],"author":[{"embeddable":true,"href":"https:\/\/inclusionsinlimitaciones.cl\/index.php\/wp-json\/wp\/v2\/users\/1"}],"replies":[{"embeddable":true,"href":"https:\/\/inclusionsinlimitaciones.cl\/index.php\/wp-json\/wp\/v2\/comments?post=6129"}],"version-history":[{"count":10,"href":"https:\/\/inclusionsinlimitaciones.cl\/index.php\/wp-json\/wp\/v2\/pages\/6129\/revisions"}],"predecessor-version":[{"id":6184,"href":"https:\/\/inclusionsinlimitaciones.cl\/index.php\/wp-json\/wp\/v2\/pages\/6129\/revisions\/6184"}],"wp:featuredmedia":[{"embeddable":true,"href":"https:\/\/inclusionsinlimitaciones.cl\/index.php\/wp-json\/wp\/v2\/media\/4928"}],"wp:attachment":[{"href":"https:\/\/inclusionsinlimitaciones.cl\/index.php\/wp-json\/wp\/v2\/media?parent=6129"}],"curies":[{"name":"wp","href":"https:\/\/api.w.org\/{rel}","templated":true}]}}

<div data-elementor-type="wp-page" data-elementor-id="6129" class="elementor elementor-6129">
						<section class="elementor-section elementor-top-section elementor-element elementor-element-55cc07b elementor-section-boxed elementor-section-height-default elementor-section-height-default" data-id="55cc07b" data-element_type="section">
						<div class="elementor-container elementor-column-gap-default">
					<div class="elementor-column elementor-col-100 elementor-top-column elementor-element elementor-element-0e3cf8f" data-id="0e3cf8f" data-element_type="column">
			<div class="elementor-widget-wrap elementor-element-populated">
							</div>
		</div>
					</div>
		</section>
				<section class="elementor-section elementor-top-section elementor-element elementor-element-5608a66 elementor-section-boxed elementor-section-height-default elementor-section-height-default" data-id="5608a66" data-element_type="section">
						<div class="elementor-container elementor-column-gap-default">
					<div class="elementor-column elementor-col-100 elementor-top-column elementor-element elementor-element-1dc4805" data-id="1dc4805" data-element_type="column">
			<div class="elementor-widget-wrap elementor-element-populated">
						<div class="elementor-element elementor-element-9ae2713 elementor-widget elementor-widget-text-editor" data-id="9ae2713" data-element_type="widget" data-widget_type="text-editor.default">
				<div class="elementor-widget-container">
									<p><strong>FONDO MIDESO CHILE COMPROMISO DE TODOS 2021 2° SEMESTRE</strong></p><p><b style="color: #000000; font-family: inherit; font-style: inherit; white-space: pre-wrap;">El Ministerio de Desarrollo Social considerando que la crisis sanitaria no se encuentra superada y que sus efectos han impactado fuertemente la vida y salud de muchas personas, en particular, aquellas familias y/o grupos más vulnerables de nuestro país, se ha requerido el esfuerzo solidario y conjunto de la alianza público privada para coordinar de manera colaborativa estrategias que permitan ir en ayuda de aquellos sectores de la sociedad que se han visto más afectados por la crisis sanitaria. Teniendo presente la labor entregada al Ministerio de velar por la participación de la sociedad civil y de la aplicación de planes que permitan erradicar la pobreza y brindar protección social a las personas y familias, se aprobaron las Bases Administrativas y Técnicas del Concurso Público del Fondo de Iniciativas para la Superación de la Pobreza: “Chile Compromiso de Todos &#8211; Fundaciones y Corporaciones, Segundo Semestre año 2021”.<br /></b></p><p><b style="font-family: inherit; font-style: inherit; white-space: pre-wrap; color: #000000;">El empleo y la socialización es, para las personas con discapacidad, el mayor factor de inclusión social y normalización. En este confinamiento tendremos que ser flexibles, asertivos y entender que cada persona es diferente, con sus propias necesidades. Como Corporación Apertura para el Mañana apostamos a continuar con este trabajo a través del uso de una aula virtual en colaboración con USACH dando continuidad a los talleres de preparación para el trabajo y por otra parte, el fortalecimiento de un taller productivo presencial y la implementación de un servicio de cafetería y/o tetería como una forma de ir proyectando espacios de trabajo con apoyo, por otra parte, este proyecto contempla durante toda la ejecución del apoyo de un equipo de profesionales que acompañarán los procesos de inserción, de socialización, de comunicación y de estabilidad de los jóvenes y/o adultos y de sus familias, con el objetivo de asegurar su permanencia y desarrollar procesos personales para el mejoramiento de su calidad de vida. </b></p><p><b style="font-family: inherit; font-style: inherit; white-space: pre-wrap; color: #000000;"> </b></p>								</div>
				</div>
				<div class="elementor-element elementor-element-775a187 elementor-arrows-position-outside elementor-widget__width-inherit elementor-pagination-position-outside elementor-widget elementor-widget-image-carousel" data-id="775a187" data-element_type="widget" data-settings="{&quot;slides_to_show&quot;:&quot;1&quot;,&quot;navigation&quot;:&quot;both&quot;,&quot;autoplay&quot;:&quot;yes&quot;,&quot;pause_on_hover&quot;:&quot;yes&quot;,&quot;pause_on_interaction&quot;:&quot;yes&quot;,&quot;autoplay_speed&quot;:5000,&quot;infinite&quot;:&quot;yes&quot;,&quot;effect&quot;:&quot;slide&quot;,&quot;speed&quot;:500}" data-widget_type="image-carousel.default">
				<div class="elementor-widget-container">
							<div class="elementor-image-carousel-wrapper swiper" role="region" aria-roledescription="carousel" aria-label="Carrusel de imágenes" dir="ltr">
			<div class="elementor-image-carousel swiper-wrapper" aria-live="off">
								<div class="swiper-slide" role="group" aria-roledescription="slide" aria-label="1 de 1"><figure class="swiper-slide-inner"><img decoding="async" class="swiper-slide-image" src="https://inclusionsinlimitaciones.cl/wp-content/uploads/2023/02/p6-444x222.jpg" alt="p6" /></figure></div>			</div>
					</div>
						</div>
				</div>
				<div class="elementor-element elementor-element-ab6ce78 elementor-widget elementor-widget-text-editor" data-id="ab6ce78" data-element_type="widget" data-widget_type="text-editor.default">
				<div class="elementor-widget-container">
									<p style="text-align: justify;"><strong>Este proyecto tenía como objetivo general fortalecer los procesos de taller productivo y de servicios en vías de avanzar hacia centros laborales sustentables, que permitan el ejercicio del derecho al trabajo de personas en situación de discapacidad intelectual, cohesionando instancias de un espacio de trabajo protegido que funcione en forma permanente en alianzas con otras organizaciones y/o instituciones.</strong></p><p style="text-align: justify;"><span style="font-size: 16px; white-space: pre-wrap;"><b>Resultados:</b></span></p><p style="text-align: justify;"><strong>• Taller productivo fortalecido y en ejecución con 21 participantes en forma permanente.</strong><br /><strong>• Espacio de servicio de cafetería y/o teteria habilitado y funcionando.</strong><br /><strong>• 3 alianzas de cooperación con personas u organizaciones de la Región Metropolitana en funcionamiento: Oficina de Discapacidad Municipalidad de Renca, Departamento de Diversidad e Inclusión Municipalidad de Macul, Cafetería Precolombino.</strong><br /><strong>• 16 jóvenes y/o adultos y sus familias y con acompañamiento y seguimiento por parte del equipo profesional de APM y estudiantes en práctica.</strong></p>								</div>
				</div>
					</div>
		</div>
					</div>
		</section>
				</div>

<p>FONDO MIDESO CHILE COMPROMISO DE TODOS 2021 2° SEMESTRE El Ministerio de Desarrollo Social considerando que la crisis sanitaria no se encuentra superada y que sus efectos han impactado fuertemente la vida y salud de muchas personas, en particular, aquellas familias y/o grupos más vulnerables de nuestro país, se ha requerido el esfuerzo solidario y &hellip; <a href="https://inclusionsinlimitaciones.cl/index.php/pc6/" class="more-link">Continue reading <span class="screen-reader-text">Proyecto Cerrado N°6</span></a></p>
