{"id":6127,"date":"2023-02-09T00:08:56","date_gmt":"2023-02-09T00:08:56","guid":{"rendered":"https:\/\/inclusionsinlimitaciones.cl\/?page_id=6127"},"modified":"2023-02-09T01:22:44","modified_gmt":"2023-02-09T01:22:44","slug":"pc5","status":"publish","type":"page","link":"https:\/\/inclusionsinlimitaciones.cl\/index.php\/pc5\/","title":{"rendered":"Proyecto Cerrado N\u00b05"},"content":{"rendered":"\t\t<div data-elementor-type=\"wp-page\" data-elementor-id=\"6127\" class=\"elementor elementor-6127\">\n\t\t\t\t\t\t<section class=\"elementor-section elementor-top-section elementor-element elementor-element-55cc07b elementor-section-boxed elementor-section-height-default elementor-section-height-default\" data-id=\"55cc07b\" data-element_type=\"section\">\n\t\t\t\t\t\t<div class=\"elementor-container elementor-column-gap-default\">\n\t\t\t\t\t<div class=\"elementor-column elementor-col-100 elementor-top-column elementor-element elementor-element-0e3cf8f\" data-id=\"0e3cf8f\" data-element_type=\"column\">\n\t\t\t<div class=\"elementor-widget-wrap elementor-element-populated\">\n\t\t\t\t\t\t\t<\/div>\n\t\t<\/div>\n\t\t\t\t\t<\/div>\n\t\t<\/section>\n\t\t\t\t<section class=\"elementor-section elementor-top-section elementor-element elementor-element-5608a66 elementor-section-boxed elementor-section-height-default elementor-section-height-default\" data-id=\"5608a66\" data-element_type=\"section\">\n\t\t\t\t\t\t<div class=\"elementor-container elementor-column-gap-default\">\n\t\t\t\t\t<div class=\"elementor-column elementor-col-100 elementor-top-column elementor-element elementor-element-1dc4805\" data-id=\"1dc4805\" data-element_type=\"column\">\n\t\t\t<div class=\"elementor-widget-wrap elementor-element-populated\">\n\t\t\t\t\t\t<div class=\"elementor-element elementor-element-9ae2713 elementor-widget elementor-widget-text-editor\" data-id=\"9ae2713\" data-element_type=\"widget\" data-widget_type=\"text-editor.default\">\n\t\t\t\t<div class=\"elementor-widget-container\">\n\t\t\t\t\t\t\t\t\t<p><span style=\"color: #000000;\"><span style=\"white-space: pre-wrap;\"><strong>FONDO<\/strong><b> MIDESO CHILE COMPROMISO DE TODOS 2021<\/b><\/span><\/span><\/p>\n<p><span style=\"color: #000000;\"><span style=\"white-space: pre-wrap;\"><b>El Ministerio de Desarrollo Social debe velar por la participaci\u00f3n de la sociedad civil y de la aplicaci\u00f3n de planes que permitan erradicar la pobreza y brindar protecci\u00f3n social a las personas y familias, la Subsecretar\u00eda de Evaluaci\u00f3n Social del Ministerio de Desarrollo Social y Familia focalizar\u00e1 su esfuerzo en las necesidades actuales que requieren ser atendidas, teniendo como objetivo para el a\u00f1o 2021, financiar proyectos para la superaci\u00f3n de la pobreza que apoyen y fortalezcan las labores que realizan las instituciones de la sociedad civil, en particular corporaciones y fundaciones, que trabajan con personas o grupos vulnerables afectadas por la emergencia sanitaria en Chile.<\/b><\/span><\/span><b style=\"color: #000000; font-family: inherit; font-style: inherit; white-space: pre-wrap;\"><br><\/b><\/p>\n<p><span style=\"color: #000000;\"><span style=\"white-space: pre-wrap;\"><b>Corporaci\u00f3n Apertura para el Ma\u00f1ana APM, no recibe aportes permanentes del estado ni de privados, los recursos son escasos y autogestionados. Debido al COVID, se ha incurrido en gastos adicionales derivados de la situaci\u00f3n sanitaria, tales como: la adquisici\u00f3n de materiales de protecci\u00f3n, equipos computacionales y la contrataci\u00f3n de personal no previsto antes del COVID (virtualizaci\u00f3n de contenidos, plataforma on line). Lo anterior expuesto, gatill\u00f3 la ineficiencia identificada traduci\u00e9ndose en retrocesos de habilidades sociolaborales ya adquiridas. Adem\u00e1s, los efectos provocados por los cambios en la provisi\u00f3n de apoyos y servicios, han impactado la esfera emocional (aumento de problemas de conductas, mayor nerviosismo y ansiedad, problemas para conciliar el sue\u00f1o), las relaciones interpersonales, las posibilidades de elecci\u00f3n (autodeterminaci\u00f3n) y proyecciones ocupacionales (dificultad de acceso a la formaci\u00f3n on line). <\/b><\/span><\/span><span style=\"font-size: 17px;\"><br><\/span><\/p>\n<p><strong><span style=\"font-size: 17px;\">Si a esto le sumamos la evidencia que existe sobre que el reconocimiento y crecimiento sociolaboral de las PcDI est\u00e1 sumamente ligadas a la asistencia presencial al centro de apoyo (APM). Antes del COVID, la Corporaci\u00f3n inici\u00f3 un proyecto de inclusi\u00f3n sociolaboral que consideraba talleres productivos en el rubro de la panader\u00eda &#8211; boller\u00eda. Todo qued\u00f3 detenido, por falta de recursos que permitieran contratar a los t\u00e9cnicos y los materiales de seguridad sanitaria que contin\u00faan avanzando con la&nbsp;<\/span><span style=\"font-size: 17px;\">ejecuci\u00f3n de este proyecto.<\/span><\/strong><\/p>\n<p><b style=\"font-family: inherit; font-style: inherit; white-space: pre-wrap; color: #000000;\">&nbsp;<\/b><\/p>\n<p><\/p>\t\t\t\t\t\t\t\t<\/div>\n\t\t\t\t<\/div>\n\t\t\t\t<div class=\"elementor-element elementor-element-775a187 elementor-arrows-position-outside elementor-widget__width-inherit elementor-pagination-position-outside elementor-widget elementor-widget-image-carousel\" data-id=\"775a187\" data-element_type=\"widget\" data-settings=\"{&quot;slides_to_show&quot;:&quot;1&quot;,&quot;navigation&quot;:&quot;both&quot;,&quot;autoplay&quot;:&quot;yes&quot;,&quot;pause_on_hover&quot;:&quot;yes&quot;,&quot;pause_on_interaction&quot;:&quot;yes&quot;,&quot;autoplay_speed&quot;:5000,&quot;infinite&quot;:&quot;yes&quot;,&quot;effect&quot;:&quot;slide&quot;,&quot;speed&quot;:500}\" data-widget_type=\"image-carousel.default\">\n\t\t\t\t<div class=\"elementor-widget-container\">\n\t\t\t\t\t\t\t<div class=\"elementor-image-carousel-wrapper swiper\" role=\"region\" aria-roledescription=\"carousel\" aria-label=\"Carrusel de im\u00e1genes\" dir=\"ltr\">\n\t\t\t<div class=\"elementor-image-carousel swiper-wrapper\" aria-live=\"off\">\n\t\t\t\t\t\t\t\t<div class=\"swiper-slide\" role=\"group\" aria-roledescription=\"slide\" aria-label=\"1 de 1\"><figure class=\"swiper-slide-inner\"><img decoding=\"async\" class=\"swiper-slide-image\" src=\"https:\/\/inclusionsinlimitaciones.cl\/wp-content\/uploads\/2023\/02\/p5-444x222.jpg\" alt=\"p5\" \/><\/figure><\/div>\t\t\t<\/div>\n\t\t\t\t\t<\/div>\n\t\t\t\t\t\t<\/div>\n\t\t\t\t<\/div>\n\t\t\t\t<div class=\"elementor-element elementor-element-ab6ce78 elementor-widget elementor-widget-text-editor\" data-id=\"ab6ce78\" data-element_type=\"widget\" data-widget_type=\"text-editor.default\">\n\t\t\t\t<div class=\"elementor-widget-container\">\n\t\t\t\t\t\t\t\t\t<p style=\"text-align: justify;\"><strong>Este proyecto ten\u00eda como objetivo general reorganizar la disponibilidad de servicios y apoyos dirigidos a personas con discapacidad intelectual severa de distintas comunas de Santiago, con el fin favorecer el potencial de recuperaci\u00f3n de las habilidades sociolaborales afectadas durante el confinamiento, fortaleciendo el trabajo con familias que permitan la autonom\u00eda e independencia.<\/strong><\/p><p style=\"text-align: justify;\"><span style=\"font-size: 16px; white-space: pre-wrap;\"><b>Resultados:<\/b><\/span><\/p><p style=\"text-align: justify;\"><strong>\u2022 15 Familias con planes elaborados junto a las familias y j\u00f3venes a corto plazo y posibles de realizar.<\/strong><br \/><strong>\u2022 Espacio productivo implementado y en ejecuci\u00f3n funcionando 2 veces a la semana.<\/strong><br \/><strong>\u2022 17 j\u00f3venes participan en Taller de apresto laboral ejecutado.<\/strong><br \/><strong>\u2022 16 j\u00f3venes asisten en forma presencial y online participan activamente junto a sus familias en Taller Productivo.<\/strong><\/p>\t\t\t\t\t\t\t\t<\/div>\n\t\t\t\t<\/div>\n\t\t\t\t\t<\/div>\n\t\t<\/div>\n\t\t\t\t\t<\/div>\n\t\t<\/section>\n\t\t\t\t<\/div>\n\t\t","protected":false},"excerpt":{"rendered":"<p>FONDO MIDESO CHILE COMPROMISO DE TODOS 2021 El Ministerio de Desarrollo Social debe velar por la participaci\u00f3n de la sociedad civil y de la aplicaci\u00f3n de planes que permitan erradicar la pobreza y brindar protecci\u00f3n social a las personas y familias, la Subsecretar\u00eda de Evaluaci\u00f3n Social del Ministerio de Desarrollo Social y Familia focalizar\u00e1 su &hellip; <a href=\"https:\/\/inclusionsinlimitaciones.cl\/index.php\/pc5\/\" class=\"more-link\">Continue reading <span class=\"screen-reader-text\">Proyecto Cerrado N\u00b05<\/span><\/a><\/p>\n","protected":false},"author":1,"featured_media":4928,"parent":0,"menu_order":0,"comment_status":"closed","ping_status":"closed","template":"","meta":{"footnotes":""},"class_list":["post-6127","page","type-page","status-publish","has-post-thumbnail","hentry"],"_links":{"self":[{"href":"https:\/\/inclusionsinlimitaciones.cl\/index.php\/wp-json\/wp\/v2\/pages\/6127","targetHints":{"allow":["GET"]}}],"collection":[{"href":"https:\/\/inclusionsinlimitaciones.cl\/index.php\/wp-json\/wp\/v2\/pages"}],"about":[{"href":"https:\/\/inclusionsinlimitaciones.cl\/index.php\/wp-json\/wp\/v2\/types\/page"}],"author":[{"embeddable":true,"href":"https:\/\/inclusionsinlimitaciones.cl\/index.php\/wp-json\/wp\/v2\/users\/1"}],"replies":[{"embeddable":true,"href":"https:\/\/inclusionsinlimitaciones.cl\/index.php\/wp-json\/wp\/v2\/comments?post=6127"}],"version-history":[{"count":22,"href":"https:\/\/inclusionsinlimitaciones.cl\/index.php\/wp-json\/wp\/v2\/pages\/6127\/revisions"}],"predecessor-version":[{"id":6174,"href":"https:\/\/inclusionsinlimitaciones.cl\/index.php\/wp-json\/wp\/v2\/pages\/6127\/revisions\/6174"}],"wp:featuredmedia":[{"embeddable":true,"href":"https:\/\/inclusionsinlimitaciones.cl\/index.php\/wp-json\/wp\/v2\/media\/4928"}],"wp:attachment":[{"href":"https:\/\/inclusionsinlimitaciones.cl\/index.php\/wp-json\/wp\/v2\/media?parent=6127"}],"curies":[{"name":"wp","href":"https:\/\/api.w.org\/{rel}","templated":true}]}}

<div data-elementor-type="wp-page" data-elementor-id="6127" class="elementor elementor-6127">
						<section class="elementor-section elementor-top-section elementor-element elementor-element-55cc07b elementor-section-boxed elementor-section-height-default elementor-section-height-default" data-id="55cc07b" data-element_type="section">
						<div class="elementor-container elementor-column-gap-default">
					<div class="elementor-column elementor-col-100 elementor-top-column elementor-element elementor-element-0e3cf8f" data-id="0e3cf8f" data-element_type="column">
			<div class="elementor-widget-wrap elementor-element-populated">
							</div>
		</div>
					</div>
		</section>
				<section class="elementor-section elementor-top-section elementor-element elementor-element-5608a66 elementor-section-boxed elementor-section-height-default elementor-section-height-default" data-id="5608a66" data-element_type="section">
						<div class="elementor-container elementor-column-gap-default">
					<div class="elementor-column elementor-col-100 elementor-top-column elementor-element elementor-element-1dc4805" data-id="1dc4805" data-element_type="column">
			<div class="elementor-widget-wrap elementor-element-populated">
						<div class="elementor-element elementor-element-9ae2713 elementor-widget elementor-widget-text-editor" data-id="9ae2713" data-element_type="widget" data-widget_type="text-editor.default">
				<div class="elementor-widget-container">
									<p><span style="color: #000000;"><span style="white-space: pre-wrap;"><strong>FONDO</strong><b> MIDESO CHILE COMPROMISO DE TODOS 2021</b></span></span></p>
<p><span style="color: #000000;"><span style="white-space: pre-wrap;"><b>El Ministerio de Desarrollo Social debe velar por la participación de la sociedad civil y de la aplicación de planes que permitan erradicar la pobreza y brindar protección social a las personas y familias, la Subsecretaría de Evaluación Social del Ministerio de Desarrollo Social y Familia focalizará su esfuerzo en las necesidades actuales que requieren ser atendidas, teniendo como objetivo para el año 2021, financiar proyectos para la superación de la pobreza que apoyen y fortalezcan las labores que realizan las instituciones de la sociedad civil, en particular corporaciones y fundaciones, que trabajan con personas o grupos vulnerables afectadas por la emergencia sanitaria en Chile.</b></span></span><b style="color: #000000; font-family: inherit; font-style: inherit; white-space: pre-wrap;"><br></b></p>
<p><span style="color: #000000;"><span style="white-space: pre-wrap;"><b>Corporación Apertura para el Mañana APM, no recibe aportes permanentes del estado ni de privados, los recursos son escasos y autogestionados. Debido al COVID, se ha incurrido en gastos adicionales derivados de la situación sanitaria, tales como: la adquisición de materiales de protección, equipos computacionales y la contratación de personal no previsto antes del COVID (virtualización de contenidos, plataforma on line). Lo anterior expuesto, gatilló la ineficiencia identificada traduciéndose en retrocesos de habilidades sociolaborales ya adquiridas. Además, los efectos provocados por los cambios en la provisión de apoyos y servicios, han impactado la esfera emocional (aumento de problemas de conductas, mayor nerviosismo y ansiedad, problemas para conciliar el sueño), las relaciones interpersonales, las posibilidades de elección (autodeterminación) y proyecciones ocupacionales (dificultad de acceso a la formación on line). </b></span></span><span style="font-size: 17px;"><br></span></p>
<p><strong><span style="font-size: 17px;">Si a esto le sumamos la evidencia que existe sobre que el reconocimiento y crecimiento sociolaboral de las PcDI está sumamente ligadas a la asistencia presencial al centro de apoyo (APM). Antes del COVID, la Corporación inició un proyecto de inclusión sociolaboral que consideraba talleres productivos en el rubro de la panadería &#8211; bollería. Todo quedó detenido, por falta de recursos que permitieran contratar a los técnicos y los materiales de seguridad sanitaria que continúan avanzando con la&nbsp;</span><span style="font-size: 17px;">ejecución de este proyecto.</span></strong></p>
<p><b style="font-family: inherit; font-style: inherit; white-space: pre-wrap; color: #000000;">&nbsp;</b></p>
<p></p>								</div>
				</div>
				<div class="elementor-element elementor-element-775a187 elementor-arrows-position-outside elementor-widget__width-inherit elementor-pagination-position-outside elementor-widget elementor-widget-image-carousel" data-id="775a187" data-element_type="widget" data-settings="{&quot;slides_to_show&quot;:&quot;1&quot;,&quot;navigation&quot;:&quot;both&quot;,&quot;autoplay&quot;:&quot;yes&quot;,&quot;pause_on_hover&quot;:&quot;yes&quot;,&quot;pause_on_interaction&quot;:&quot;yes&quot;,&quot;autoplay_speed&quot;:5000,&quot;infinite&quot;:&quot;yes&quot;,&quot;effect&quot;:&quot;slide&quot;,&quot;speed&quot;:500}" data-widget_type="image-carousel.default">
				<div class="elementor-widget-container">
							<div class="elementor-image-carousel-wrapper swiper" role="region" aria-roledescription="carousel" aria-label="Carrusel de imágenes" dir="ltr">
			<div class="elementor-image-carousel swiper-wrapper" aria-live="off">
								<div class="swiper-slide" role="group" aria-roledescription="slide" aria-label="1 de 1"><figure class="swiper-slide-inner"><img decoding="async" class="swiper-slide-image" src="https://inclusionsinlimitaciones.cl/wp-content/uploads/2023/02/p5-444x222.jpg" alt="p5" /></figure></div>			</div>
					</div>
						</div>
				</div>
				<div class="elementor-element elementor-element-ab6ce78 elementor-widget elementor-widget-text-editor" data-id="ab6ce78" data-element_type="widget" data-widget_type="text-editor.default">
				<div class="elementor-widget-container">
									<p style="text-align: justify;"><strong>Este proyecto tenía como objetivo general reorganizar la disponibilidad de servicios y apoyos dirigidos a personas con discapacidad intelectual severa de distintas comunas de Santiago, con el fin favorecer el potencial de recuperación de las habilidades sociolaborales afectadas durante el confinamiento, fortaleciendo el trabajo con familias que permitan la autonomía e independencia.</strong></p><p style="text-align: justify;"><span style="font-size: 16px; white-space: pre-wrap;"><b>Resultados:</b></span></p><p style="text-align: justify;"><strong>• 15 Familias con planes elaborados junto a las familias y jóvenes a corto plazo y posibles de realizar.</strong><br /><strong>• Espacio productivo implementado y en ejecución funcionando 2 veces a la semana.</strong><br /><strong>• 17 jóvenes participan en Taller de apresto laboral ejecutado.</strong><br /><strong>• 16 jóvenes asisten en forma presencial y online participan activamente junto a sus familias en Taller Productivo.</strong></p>								</div>
				</div>
					</div>
		</div>
					</div>
		</section>
				</div>

<p>FONDO MIDESO CHILE COMPROMISO DE TODOS 2021 El Ministerio de Desarrollo Social debe velar por la participación de la sociedad civil y de la aplicación de planes que permitan erradicar la pobreza y brindar protección social a las personas y familias, la Subsecretaría de Evaluación Social del Ministerio de Desarrollo Social y Familia focalizará su &hellip; <a href="https://inclusionsinlimitaciones.cl/index.php/pc5/" class="more-link">Continue reading <span class="screen-reader-text">Proyecto Cerrado N°5</span></a></p>
