{"id":5985,"date":"2023-02-08T16:09:57","date_gmt":"2023-02-08T16:09:57","guid":{"rendered":"https:\/\/inclusionsinlimitaciones.cl\/?page_id=5985"},"modified":"2023-02-08T16:57:05","modified_gmt":"2023-02-08T16:57:05","slug":"pc1","status":"publish","type":"page","link":"https:\/\/inclusionsinlimitaciones.cl\/index.php\/pc1\/","title":{"rendered":"Proyecto Cerrado N\u00b01"},"content":{"rendered":"\t\t<div data-elementor-type=\"wp-page\" data-elementor-id=\"5985\" class=\"elementor elementor-5985\">\n\t\t\t\t\t\t<section class=\"elementor-section elementor-top-section elementor-element elementor-element-55cc07b elementor-section-boxed elementor-section-height-default elementor-section-height-default\" data-id=\"55cc07b\" data-element_type=\"section\">\n\t\t\t\t\t\t<div class=\"elementor-container elementor-column-gap-default\">\n\t\t\t\t\t<div class=\"elementor-column elementor-col-100 elementor-top-column elementor-element elementor-element-0e3cf8f\" data-id=\"0e3cf8f\" data-element_type=\"column\">\n\t\t\t<div class=\"elementor-widget-wrap elementor-element-populated\">\n\t\t\t\t\t\t\t<\/div>\n\t\t<\/div>\n\t\t\t\t\t<\/div>\n\t\t<\/section>\n\t\t\t\t<section class=\"elementor-section elementor-top-section elementor-element elementor-element-5608a66 elementor-section-boxed elementor-section-height-default elementor-section-height-default\" data-id=\"5608a66\" data-element_type=\"section\">\n\t\t\t\t\t\t<div class=\"elementor-container elementor-column-gap-default\">\n\t\t\t\t\t<div class=\"elementor-column elementor-col-100 elementor-top-column elementor-element elementor-element-1dc4805\" data-id=\"1dc4805\" data-element_type=\"column\">\n\t\t\t<div class=\"elementor-widget-wrap elementor-element-populated\">\n\t\t\t\t\t\t<div class=\"elementor-element elementor-element-9ae2713 elementor-widget elementor-widget-text-editor\" data-id=\"9ae2713\" data-element_type=\"widget\" data-widget_type=\"text-editor.default\">\n\t\t\t\t<div class=\"elementor-widget-container\">\n\t\t\t\t\t\t\t\t\t<p><span style=\"color: #000000;\"><span style=\"white-space: pre-wrap;\"><b>FONDO FOMENTO DE FORTALECIMIENTO DE LAS ORGANIZACIONES DE INTER\u00c9S P\u00daBLICO (FFOIP) 2020<\/b><\/span><\/span><\/p><p><span style=\"color: #000000;\"><span style=\"white-space: pre-wrap;\"><b>El Ministerio Secretar\u00eda General de Gobierno (SEGEGOB), convoco al Concurso: Fondo de Fortalecimiento de las Organizaciones de Inter\u00e9s P\u00fablico (FFOIP) en el a\u00f1o 2020, Corporaci\u00f3n Apertura para el Ma\u00f1ana fue seleccionada y adjudicada de este fondo. <\/b><\/span><\/span><\/p><p><span style=\"color: #000000;\"><span style=\"white-space: pre-wrap;\"><b>El objetivo del fondo fue fortalecer a las organizaciones de inter\u00e9s p\u00fablico cuya finalidad sea la promoci\u00f3n del inter\u00e9s general en materia de derechos de la ciudadan\u00eda, asistencia social, educaci\u00f3n, salud, medio ambiente, o cualquiera otra de bien com\u00fan, en especial las que recurran al voluntariado. <\/b><\/span><\/span><\/p><p><span style=\"color: #000000;\"><span style=\"white-space: pre-wrap;\"><b>Como Corporaci\u00f3n Apertura para el Ma\u00f1ana tuvimos como objetivo: Potenciar y fortalecer elementos de participaci\u00f3n ciudadana y del ejercicio de sus derechos en personas en situaci\u00f3n de discapacidad intelectual. <\/b><\/span><\/span><\/p><p><span style=\"color: #000000;\"><span style=\"white-space: pre-wrap;\"><b>La capacitaci\u00f3n y ejecuci\u00f3n se realiz\u00f3 mediante la ejecuci\u00f3n de un Taller en modalidad online, se abordaron las tem\u00e1ticas de forma con una metodolog\u00eda basada en est\u00e1ndares de accesibilidad cognitiva, centrados en cada proceso de aprendizaje como agentes de su propio conocimiento. <\/b><\/span><\/span><\/p><p><span style=\"color: #000000;\"><span style=\"white-space: pre-wrap;\"><b>Apoyado de materiales l\u00fadicos, como power point, videos, din\u00e1micas, entre otros. Con la finalidad de que las y los j\u00f3venes pudieran obtener un aprendizaje significativo en las clases e incorporarlo en su cotidianidad, conociendo cuales son las distintas formas de ser ciudadanos\/as y c\u00f3mo pueden participar, adem\u00e1s de lograr la toma conciencia de ser sujetos de derechos relacionado con una mirada que incorporo el enfoque de g\u00e9nero.<\/b><\/span><\/span><\/p><p>\u00a0<\/p>\t\t\t\t\t\t\t\t<\/div>\n\t\t\t\t<\/div>\n\t\t\t\t<div class=\"elementor-element elementor-element-775a187 elementor-arrows-position-outside elementor-widget__width-inherit elementor-pagination-position-outside elementor-widget elementor-widget-image-carousel\" data-id=\"775a187\" data-element_type=\"widget\" data-settings=\"{&quot;slides_to_show&quot;:&quot;1&quot;,&quot;navigation&quot;:&quot;both&quot;,&quot;autoplay&quot;:&quot;yes&quot;,&quot;pause_on_hover&quot;:&quot;yes&quot;,&quot;pause_on_interaction&quot;:&quot;yes&quot;,&quot;autoplay_speed&quot;:5000,&quot;infinite&quot;:&quot;yes&quot;,&quot;effect&quot;:&quot;slide&quot;,&quot;speed&quot;:500}\" data-widget_type=\"image-carousel.default\">\n\t\t\t\t<div class=\"elementor-widget-container\">\n\t\t\t\t\t\t\t<div class=\"elementor-image-carousel-wrapper swiper\" role=\"region\" aria-roledescription=\"carousel\" aria-label=\"Carrusel de im\u00e1genes\" dir=\"ltr\">\n\t\t\t<div class=\"elementor-image-carousel swiper-wrapper\" aria-live=\"off\">\n\t\t\t\t\t\t\t\t<div class=\"swiper-slide\" role=\"group\" aria-roledescription=\"slide\" aria-label=\"1 de 1\"><figure class=\"swiper-slide-inner\"><img decoding=\"async\" class=\"swiper-slide-image\" src=\"https:\/\/inclusionsinlimitaciones.cl\/wp-content\/uploads\/2023\/02\/p1-444x222.jpg\" alt=\"p1\" \/><\/figure><\/div>\t\t\t<\/div>\n\t\t\t\t\t<\/div>\n\t\t\t\t\t\t<\/div>\n\t\t\t\t<\/div>\n\t\t\t\t<div class=\"elementor-element elementor-element-ab6ce78 elementor-widget elementor-widget-text-editor\" data-id=\"ab6ce78\" data-element_type=\"widget\" data-widget_type=\"text-editor.default\">\n\t\t\t\t<div class=\"elementor-widget-container\">\n\t\t\t\t\t\t\t\t\t<p style=\"text-align: justify;\"><span style=\"font-size: 16px; white-space: pre-wrap;\"><b>Los resultados logrados fueron: <\/b><\/span><\/p><p style=\"text-align: justify;\"><span style=\"font-size: 16px; white-space: pre-wrap;\"><b>\u2022 37 personas en situaci\u00f3n de discapacidad intelectual participan en talleres de capacitaci\u00f3n modalidad accesible y logran acceder a compartir sus experiencias y reforzar conocimientos. <\/b><\/span><\/p><p style=\"text-align: justify;\"><span style=\"font-size: 16px; white-space: pre-wrap;\"><b>\u2022 1 taller con enfoque de g\u00e9nero de 10 sesiones con los siguientes contenidos: participaci\u00f3n, ciudadan\u00eda, derechos, en modalidad accesible para personas en situaci\u00f3n de discapacidad. <\/b><\/span><\/p><p style=\"text-align: justify;\"><span style=\"font-size: 16px; white-space: pre-wrap;\"><b>\u2022 3 c\u00e1psulas con accesibilidad cognitiva elaborado por los propios j\u00f3venes sobre derechos, ciudadan\u00eda, g\u00e9nero y 1a c\u00e1psula testimonial del proceso vivido.<\/b><\/span><\/p>\t\t\t\t\t\t\t\t<\/div>\n\t\t\t\t<\/div>\n\t\t\t\t\t<\/div>\n\t\t<\/div>\n\t\t\t\t\t<\/div>\n\t\t<\/section>\n\t\t\t\t<\/div>\n\t\t","protected":false},"excerpt":{"rendered":"<p>FONDO FOMENTO DE FORTALECIMIENTO DE LAS ORGANIZACIONES DE INTER\u00c9S P\u00daBLICO (FFOIP) 2020 El Ministerio Secretar\u00eda General de Gobierno (SEGEGOB), convoco al Concurso: Fondo de Fortalecimiento de las Organizaciones de Inter\u00e9s P\u00fablico (FFOIP) en el a\u00f1o 2020, Corporaci\u00f3n Apertura para el Ma\u00f1ana fue seleccionada y adjudicada de este fondo. El objetivo del fondo fue fortalecer a &hellip; <a href=\"https:\/\/inclusionsinlimitaciones.cl\/index.php\/pc1\/\" class=\"more-link\">Continue reading <span class=\"screen-reader-text\">Proyecto Cerrado N\u00b01<\/span><\/a><\/p>\n","protected":false},"author":1,"featured_media":4928,"parent":0,"menu_order":0,"comment_status":"closed","ping_status":"closed","template":"","meta":{"footnotes":""},"class_list":["post-5985","page","type-page","status-publish","has-post-thumbnail","hentry"],"_links":{"self":[{"href":"https:\/\/inclusionsinlimitaciones.cl\/index.php\/wp-json\/wp\/v2\/pages\/5985","targetHints":{"allow":["GET"]}}],"collection":[{"href":"https:\/\/inclusionsinlimitaciones.cl\/index.php\/wp-json\/wp\/v2\/pages"}],"about":[{"href":"https:\/\/inclusionsinlimitaciones.cl\/index.php\/wp-json\/wp\/v2\/types\/page"}],"author":[{"embeddable":true,"href":"https:\/\/inclusionsinlimitaciones.cl\/index.php\/wp-json\/wp\/v2\/users\/1"}],"replies":[{"embeddable":true,"href":"https:\/\/inclusionsinlimitaciones.cl\/index.php\/wp-json\/wp\/v2\/comments?post=5985"}],"version-history":[{"count":39,"href":"https:\/\/inclusionsinlimitaciones.cl\/index.php\/wp-json\/wp\/v2\/pages\/5985\/revisions"}],"predecessor-version":[{"id":6038,"href":"https:\/\/inclusionsinlimitaciones.cl\/index.php\/wp-json\/wp\/v2\/pages\/5985\/revisions\/6038"}],"wp:featuredmedia":[{"embeddable":true,"href":"https:\/\/inclusionsinlimitaciones.cl\/index.php\/wp-json\/wp\/v2\/media\/4928"}],"wp:attachment":[{"href":"https:\/\/inclusionsinlimitaciones.cl\/index.php\/wp-json\/wp\/v2\/media?parent=5985"}],"curies":[{"name":"wp","href":"https:\/\/api.w.org\/{rel}","templated":true}]}}

<div data-elementor-type="wp-page" data-elementor-id="5985" class="elementor elementor-5985">
						<section class="elementor-section elementor-top-section elementor-element elementor-element-55cc07b elementor-section-boxed elementor-section-height-default elementor-section-height-default" data-id="55cc07b" data-element_type="section">
						<div class="elementor-container elementor-column-gap-default">
					<div class="elementor-column elementor-col-100 elementor-top-column elementor-element elementor-element-0e3cf8f" data-id="0e3cf8f" data-element_type="column">
			<div class="elementor-widget-wrap elementor-element-populated">
							</div>
		</div>
					</div>
		</section>
				<section class="elementor-section elementor-top-section elementor-element elementor-element-5608a66 elementor-section-boxed elementor-section-height-default elementor-section-height-default" data-id="5608a66" data-element_type="section">
						<div class="elementor-container elementor-column-gap-default">
					<div class="elementor-column elementor-col-100 elementor-top-column elementor-element elementor-element-1dc4805" data-id="1dc4805" data-element_type="column">
			<div class="elementor-widget-wrap elementor-element-populated">
						<div class="elementor-element elementor-element-9ae2713 elementor-widget elementor-widget-text-editor" data-id="9ae2713" data-element_type="widget" data-widget_type="text-editor.default">
				<div class="elementor-widget-container">
									<p><span style="color: #000000;"><span style="white-space: pre-wrap;"><b>FONDO FOMENTO DE FORTALECIMIENTO DE LAS ORGANIZACIONES DE INTERÉS PÚBLICO (FFOIP) 2020</b></span></span></p><p><span style="color: #000000;"><span style="white-space: pre-wrap;"><b>El Ministerio Secretaría General de Gobierno (SEGEGOB), convoco al Concurso: Fondo de Fortalecimiento de las Organizaciones de Interés Público (FFOIP) en el año 2020, Corporación Apertura para el Mañana fue seleccionada y adjudicada de este fondo. </b></span></span></p><p><span style="color: #000000;"><span style="white-space: pre-wrap;"><b>El objetivo del fondo fue fortalecer a las organizaciones de interés público cuya finalidad sea la promoción del interés general en materia de derechos de la ciudadanía, asistencia social, educación, salud, medio ambiente, o cualquiera otra de bien común, en especial las que recurran al voluntariado. </b></span></span></p><p><span style="color: #000000;"><span style="white-space: pre-wrap;"><b>Como Corporación Apertura para el Mañana tuvimos como objetivo: Potenciar y fortalecer elementos de participación ciudadana y del ejercicio de sus derechos en personas en situación de discapacidad intelectual. </b></span></span></p><p><span style="color: #000000;"><span style="white-space: pre-wrap;"><b>La capacitación y ejecución se realizó mediante la ejecución de un Taller en modalidad online, se abordaron las temáticas de forma con una metodología basada en estándares de accesibilidad cognitiva, centrados en cada proceso de aprendizaje como agentes de su propio conocimiento. </b></span></span></p><p><span style="color: #000000;"><span style="white-space: pre-wrap;"><b>Apoyado de materiales lúdicos, como power point, videos, dinámicas, entre otros. Con la finalidad de que las y los jóvenes pudieran obtener un aprendizaje significativo en las clases e incorporarlo en su cotidianidad, conociendo cuales son las distintas formas de ser ciudadanos/as y cómo pueden participar, además de lograr la toma conciencia de ser sujetos de derechos relacionado con una mirada que incorporo el enfoque de género.</b></span></span></p><p> </p>								</div>
				</div>
				<div class="elementor-element elementor-element-775a187 elementor-arrows-position-outside elementor-widget__width-inherit elementor-pagination-position-outside elementor-widget elementor-widget-image-carousel" data-id="775a187" data-element_type="widget" data-settings="{&quot;slides_to_show&quot;:&quot;1&quot;,&quot;navigation&quot;:&quot;both&quot;,&quot;autoplay&quot;:&quot;yes&quot;,&quot;pause_on_hover&quot;:&quot;yes&quot;,&quot;pause_on_interaction&quot;:&quot;yes&quot;,&quot;autoplay_speed&quot;:5000,&quot;infinite&quot;:&quot;yes&quot;,&quot;effect&quot;:&quot;slide&quot;,&quot;speed&quot;:500}" data-widget_type="image-carousel.default">
				<div class="elementor-widget-container">
							<div class="elementor-image-carousel-wrapper swiper" role="region" aria-roledescription="carousel" aria-label="Carrusel de imágenes" dir="ltr">
			<div class="elementor-image-carousel swiper-wrapper" aria-live="off">
								<div class="swiper-slide" role="group" aria-roledescription="slide" aria-label="1 de 1"><figure class="swiper-slide-inner"><img decoding="async" class="swiper-slide-image" src="https://inclusionsinlimitaciones.cl/wp-content/uploads/2023/02/p1-444x222.jpg" alt="p1" /></figure></div>			</div>
					</div>
						</div>
				</div>
				<div class="elementor-element elementor-element-ab6ce78 elementor-widget elementor-widget-text-editor" data-id="ab6ce78" data-element_type="widget" data-widget_type="text-editor.default">
				<div class="elementor-widget-container">
									<p style="text-align: justify;"><span style="font-size: 16px; white-space: pre-wrap;"><b>Los resultados logrados fueron: </b></span></p><p style="text-align: justify;"><span style="font-size: 16px; white-space: pre-wrap;"><b>• 37 personas en situación de discapacidad intelectual participan en talleres de capacitación modalidad accesible y logran acceder a compartir sus experiencias y reforzar conocimientos. </b></span></p><p style="text-align: justify;"><span style="font-size: 16px; white-space: pre-wrap;"><b>• 1 taller con enfoque de género de 10 sesiones con los siguientes contenidos: participación, ciudadanía, derechos, en modalidad accesible para personas en situación de discapacidad. </b></span></p><p style="text-align: justify;"><span style="font-size: 16px; white-space: pre-wrap;"><b>• 3 cápsulas con accesibilidad cognitiva elaborado por los propios jóvenes sobre derechos, ciudadanía, género y 1a cápsula testimonial del proceso vivido.</b></span></p>								</div>
				</div>
					</div>
		</div>
					</div>
		</section>
				</div>

<p>FONDO FOMENTO DE FORTALECIMIENTO DE LAS ORGANIZACIONES DE INTERÉS PÚBLICO (FFOIP) 2020 El Ministerio Secretaría General de Gobierno (SEGEGOB), convoco al Concurso: Fondo de Fortalecimiento de las Organizaciones de Interés Público (FFOIP) en el año 2020, Corporación Apertura para el Mañana fue seleccionada y adjudicada de este fondo. El objetivo del fondo fue fortalecer a &hellip; <a href="https://inclusionsinlimitaciones.cl/index.php/pc1/" class="more-link">Continue reading <span class="screen-reader-text">Proyecto Cerrado N°1</span></a></p>
