{"id":5891,"date":"2023-02-08T14:08:34","date_gmt":"2023-02-08T14:08:34","guid":{"rendered":"https:\/\/inclusionsinlimitaciones.cl\/?page_id=5891"},"modified":"2023-02-09T00:20:24","modified_gmt":"2023-02-09T00:20:24","slug":"proyectos-cerrados","status":"publish","type":"page","link":"https:\/\/inclusionsinlimitaciones.cl\/index.php\/proyectos-cerrados\/","title":{"rendered":"Cerrados"},"content":{"rendered":"\t\t<div data-elementor-type=\"wp-page\" data-elementor-id=\"5891\" class=\"elementor elementor-5891\">\n\t\t\t\t\t\t<section class=\"elementor-section elementor-top-section elementor-element elementor-element-77c55c9 elementor-section-height-min-height elementor-section-content-middle elementor-section-boxed elementor-section-height-default elementor-section-items-middle\" data-id=\"77c55c9\" data-element_type=\"section\" data-settings=\"{&quot;background_background&quot;:&quot;classic&quot;}\">\n\t\t\t\t\t\t<div class=\"elementor-container elementor-column-gap-default\">\n\t\t\t\t\t<div class=\"elementor-column elementor-col-33 elementor-top-column elementor-element elementor-element-c9421fe hexasombra\" data-id=\"c9421fe\" data-element_type=\"column\">\n\t\t\t<div class=\"elementor-widget-wrap elementor-element-populated\">\n\t\t\t\t\t\t<section class=\"elementor-section elementor-inner-section elementor-element elementor-element-92eb10f elementor-section-height-min-height elementor-section-content-middle hexagono elementor-section-boxed elementor-section-height-default\" data-id=\"92eb10f\" data-element_type=\"section\" data-settings=\"{&quot;background_background&quot;:&quot;classic&quot;}\">\n\t\t\t\t\t\t\t<div class=\"elementor-background-overlay\"><\/div>\n\t\t\t\t\t\t\t<div class=\"elementor-container elementor-column-gap-default\">\n\t\t\t\t\t<div class=\"elementor-column elementor-col-100 elementor-inner-column elementor-element elementor-element-8f16207\" data-id=\"8f16207\" data-element_type=\"column\" data-settings=\"{&quot;background_background&quot;:&quot;classic&quot;}\">\n\t\t\t<div class=\"elementor-widget-wrap elementor-element-populated\">\n\t\t\t\t\t\t<div class=\"elementor-element elementor-element-94506d8 elementor-widget elementor-widget-heading\" data-id=\"94506d8\" data-element_type=\"widget\" data-widget_type=\"heading.default\">\n\t\t\t\t<div class=\"elementor-widget-container\">\n\t\t\t\t\t<p class=\"elementor-heading-title elementor-size-small\"><a href=\"https:\/\/inclusionsinlimitaciones.cl\/index.php\/pc1%20\">Proyecto 1<\/a><\/p>\t\t\t\t<\/div>\n\t\t\t\t<\/div>\n\t\t\t\t<div class=\"elementor-element elementor-element-5665968 elementor-widget elementor-widget-text-editor\" data-id=\"5665968\" data-element_type=\"widget\" data-widget_type=\"text-editor.default\">\n\t\t\t\t<div class=\"elementor-widget-container\">\n\t\t\t\t\t\t\t\t\t<p>FONDO FOMENTO DE FORTALECIMIENTO DE LAS ORGANIZACIONES DE INTER\u00c9S P\u00daBLICO (FFOIP) 2020<\/p>\t\t\t\t\t\t\t\t<\/div>\n\t\t\t\t<\/div>\n\t\t\t\t\t<\/div>\n\t\t<\/div>\n\t\t\t\t\t<\/div>\n\t\t<\/section>\n\t\t\t\t\t<\/div>\n\t\t<\/div>\n\t\t\t\t<div class=\"elementor-column elementor-col-33 elementor-top-column elementor-element elementor-element-15c1bb1 hexasombra\" data-id=\"15c1bb1\" data-element_type=\"column\">\n\t\t\t<div class=\"elementor-widget-wrap elementor-element-populated\">\n\t\t\t\t\t\t<section class=\"elementor-section elementor-inner-section elementor-element elementor-element-b509fcf elementor-section-height-min-height elementor-section-content-middle hexagono elementor-section-boxed elementor-section-height-default\" data-id=\"b509fcf\" data-element_type=\"section\" data-settings=\"{&quot;background_background&quot;:&quot;classic&quot;}\">\n\t\t\t\t\t\t\t<div class=\"elementor-background-overlay\"><\/div>\n\t\t\t\t\t\t\t<div class=\"elementor-container elementor-column-gap-default\">\n\t\t\t\t\t<div class=\"elementor-column elementor-col-100 elementor-inner-column elementor-element elementor-element-670e878\" data-id=\"670e878\" data-element_type=\"column\">\n\t\t\t<div class=\"elementor-widget-wrap elementor-element-populated\">\n\t\t\t\t\t\t<div class=\"elementor-element elementor-element-32f079c elementor-widget elementor-widget-heading\" data-id=\"32f079c\" data-element_type=\"widget\" data-widget_type=\"heading.default\">\n\t\t\t\t<div class=\"elementor-widget-container\">\n\t\t\t\t\t<p class=\"elementor-heading-title elementor-size-small\"><a href=\"https:\/\/inclusionsinlimitaciones.cl\/index.php\/pc2\">Proyecto 2<\/a><\/p>\t\t\t\t<\/div>\n\t\t\t\t<\/div>\n\t\t\t\t<div class=\"elementor-element elementor-element-e4524f6 elementor-widget elementor-widget-text-editor\" data-id=\"e4524f6\" data-element_type=\"widget\" data-widget_type=\"text-editor.default\">\n\t\t\t\t<div class=\"elementor-widget-container\">\n\t\t\t\t\t\t\t\t\t<p>FONDO FOMENTO DE FORTALECIMIENTO DE LAS ORGANIZACIONES DE INTER\u00c9S P\u00daBLICO (FFOIP) 2021<\/p>\t\t\t\t\t\t\t\t<\/div>\n\t\t\t\t<\/div>\n\t\t\t\t\t<\/div>\n\t\t<\/div>\n\t\t\t\t\t<\/div>\n\t\t<\/section>\n\t\t\t\t\t<\/div>\n\t\t<\/div>\n\t\t\t\t<div class=\"elementor-column elementor-col-33 elementor-top-column elementor-element elementor-element-1d67db7 hexasombra\" data-id=\"1d67db7\" data-element_type=\"column\">\n\t\t\t<div class=\"elementor-widget-wrap elementor-element-populated\">\n\t\t\t\t\t\t<section class=\"elementor-section elementor-inner-section elementor-element elementor-element-9315cf4 elementor-section-height-min-height elementor-section-content-middle hexagono elementor-section-boxed elementor-section-height-default\" data-id=\"9315cf4\" data-element_type=\"section\" data-settings=\"{&quot;background_background&quot;:&quot;classic&quot;}\">\n\t\t\t\t\t\t\t<div class=\"elementor-background-overlay\"><\/div>\n\t\t\t\t\t\t\t<div class=\"elementor-container elementor-column-gap-default\">\n\t\t\t\t\t<div class=\"elementor-column elementor-col-100 elementor-inner-column elementor-element elementor-element-cb38d88\" data-id=\"cb38d88\" data-element_type=\"column\">\n\t\t\t<div class=\"elementor-widget-wrap elementor-element-populated\">\n\t\t\t\t\t\t<div class=\"elementor-element elementor-element-2b74cce elementor-widget elementor-widget-heading\" data-id=\"2b74cce\" data-element_type=\"widget\" data-widget_type=\"heading.default\">\n\t\t\t\t<div class=\"elementor-widget-container\">\n\t\t\t\t\t<p class=\"elementor-heading-title elementor-size-small\"><a href=\"https:\/\/inclusionsinlimitaciones.cl\/index.php\/pc3\/\">Proyecto 3<\/a><\/p>\t\t\t\t<\/div>\n\t\t\t\t<\/div>\n\t\t\t\t<div class=\"elementor-element elementor-element-4203d14 elementor-widget elementor-widget-text-editor\" data-id=\"4203d14\" data-element_type=\"widget\" data-widget_type=\"text-editor.default\">\n\t\t\t\t<div class=\"elementor-widget-container\">\n\t\t\t\t\t\t\t\t\t<p>SENADIS FONDO FONAPI 2020<\/p>\t\t\t\t\t\t\t\t<\/div>\n\t\t\t\t<\/div>\n\t\t\t\t\t<\/div>\n\t\t<\/div>\n\t\t\t\t\t<\/div>\n\t\t<\/section>\n\t\t\t\t\t<\/div>\n\t\t<\/div>\n\t\t\t\t\t<\/div>\n\t\t<\/section>\n\t\t\t\t<section class=\"elementor-section elementor-top-section elementor-element elementor-element-f9aad4a elementor-section-boxed elementor-section-height-default elementor-section-height-default\" data-id=\"f9aad4a\" data-element_type=\"section\">\n\t\t\t\t\t\t<div class=\"elementor-container elementor-column-gap-default\">\n\t\t\t\t\t<div class=\"elementor-column elementor-col-100 elementor-top-column elementor-element elementor-element-8e8ed8b\" data-id=\"8e8ed8b\" data-element_type=\"column\">\n\t\t\t<div class=\"elementor-widget-wrap elementor-element-populated\">\n\t\t\t\t\t\t<div class=\"elementor-element elementor-element-33476b0 elementor-widget elementor-widget-html\" data-id=\"33476b0\" data-element_type=\"widget\" data-widget_type=\"html.default\">\n\t\t\t\t<div class=\"elementor-widget-container\">\n\t\t\t\t\t<style>\r\n\/*Hexagon Clip-Path*\/\r\n.hexagono{\r\nclip-path: polygon(0 25%, 50% 0, 100% 25%, 99% 75%, 50% 100%, 0 75%);\r\n-webkit-transition: all 0.5s !important;\r\ntransition: all 0.5s !important;\r\n}\r\n\r\n\/*Gradient Overlay Show\/Hide CSS*\/\r\n.hexagono .elementor-background-overlay{\r\n-webkit-transition: all 0.5s !important;\r\ntransition: all 0.5s !important;\r\nopacity: 0 !important;\r\n}\r\n.hexagono:hover .elementor-background-overlay{\r\nopacity: 0.85 !important;\r\n}\r\n\/*Column Element Show\/Hide CSS*\/\r\n.hexagono .elementor-column{\r\nopacity: 0;\r\n-webkit-transition: all 0.8s !important;\r\ntransition: all 0.8s !important;\r\n}\r\n.hexagono:hover .elementor-column{\r\nopacity: 1;\r\n}\r\n\r\n\/*Shadow transition Effect CSS*\/\r\n.hexagono:hover{\r\n-webkit-transform: translateY(-30px);\r\ntransform: translateY(-30px);\r\n}\r\n.hexasombra::before{\r\ncontent: '';\r\nposition: absolute;\r\nbottom: -70px !important;\r\nwidth: 100%;\r\ncolor: #fff;\r\nheight: 60px;\r\nborder-radius: 50%;\r\nbackground: -webkit-radial-gradient(rgba(0,0,0,0.15),transparent, transparent);\r\nbackground: radial-gradient(rgba(0,0,0,0.15),transparent, transparent);\r\ndisplay: block;\r\n-webkit-transition: all 0.8s !important;\r\ntransition: all 0.8s !important;\r\nz-index: 999;\r\n}\r\n.hexasombra:hover::before{\r\nopacity: 1 !important;\r\n-webkit-transform: scale(0.8);\r\ntransform: scale(0.8);\r\n}\r\n\r\n<\/style>\t\t\t\t<\/div>\n\t\t\t\t<\/div>\n\t\t\t\t\t<\/div>\n\t\t<\/div>\n\t\t\t\t\t<\/div>\n\t\t<\/section>\n\t\t\t\t<section class=\"elementor-section elementor-top-section elementor-element elementor-element-432fb4c6 elementor-section-height-min-height elementor-section-content-middle elementor-section-boxed elementor-section-height-default elementor-section-items-middle\" data-id=\"432fb4c6\" data-element_type=\"section\" data-settings=\"{&quot;background_background&quot;:&quot;classic&quot;}\">\n\t\t\t\t\t\t<div class=\"elementor-container elementor-column-gap-default\">\n\t\t\t\t\t<div class=\"elementor-column elementor-col-33 elementor-top-column elementor-element elementor-element-2938f15f hexasombra\" data-id=\"2938f15f\" data-element_type=\"column\">\n\t\t\t<div class=\"elementor-widget-wrap elementor-element-populated\">\n\t\t\t\t\t\t<section class=\"elementor-section elementor-inner-section elementor-element elementor-element-bc4f32c elementor-section-height-min-height elementor-section-content-middle hexagono elementor-section-boxed elementor-section-height-default\" data-id=\"bc4f32c\" data-element_type=\"section\" data-settings=\"{&quot;background_background&quot;:&quot;classic&quot;}\">\n\t\t\t\t\t\t\t<div class=\"elementor-background-overlay\"><\/div>\n\t\t\t\t\t\t\t<div class=\"elementor-container elementor-column-gap-default\">\n\t\t\t\t\t<div class=\"elementor-column elementor-col-100 elementor-inner-column elementor-element elementor-element-45b494b2\" data-id=\"45b494b2\" data-element_type=\"column\" data-settings=\"{&quot;background_background&quot;:&quot;classic&quot;}\">\n\t\t\t<div class=\"elementor-widget-wrap elementor-element-populated\">\n\t\t\t\t\t\t<div class=\"elementor-element elementor-element-71740a3 elementor-widget elementor-widget-heading\" data-id=\"71740a3\" data-element_type=\"widget\" data-widget_type=\"heading.default\">\n\t\t\t\t<div class=\"elementor-widget-container\">\n\t\t\t\t\t<p class=\"elementor-heading-title elementor-size-small\"><a href=\"https:\/\/inclusionsinlimitaciones.cl\/index.php\/pc4%20\">Proyecto 4<\/a><\/p>\t\t\t\t<\/div>\n\t\t\t\t<\/div>\n\t\t\t\t<div class=\"elementor-element elementor-element-2f43e9f9 elementor-widget elementor-widget-text-editor\" data-id=\"2f43e9f9\" data-element_type=\"widget\" data-widget_type=\"text-editor.default\">\n\t\t\t\t<div class=\"elementor-widget-container\">\n\t\t\t\t\t\t\t\t\t<p>SENADIS FONDO FONAPI 2021<\/p>\t\t\t\t\t\t\t\t<\/div>\n\t\t\t\t<\/div>\n\t\t\t\t\t<\/div>\n\t\t<\/div>\n\t\t\t\t\t<\/div>\n\t\t<\/section>\n\t\t\t\t\t<\/div>\n\t\t<\/div>\n\t\t\t\t<div class=\"elementor-column elementor-col-33 elementor-top-column elementor-element elementor-element-56f5fe55 hexasombra\" data-id=\"56f5fe55\" data-element_type=\"column\">\n\t\t\t<div class=\"elementor-widget-wrap elementor-element-populated\">\n\t\t\t\t\t\t<section class=\"elementor-section elementor-inner-section elementor-element elementor-element-7c327789 elementor-section-height-min-height elementor-section-content-middle hexagono elementor-section-boxed elementor-section-height-default\" data-id=\"7c327789\" data-element_type=\"section\" data-settings=\"{&quot;background_background&quot;:&quot;classic&quot;}\">\n\t\t\t\t\t\t\t<div class=\"elementor-background-overlay\"><\/div>\n\t\t\t\t\t\t\t<div class=\"elementor-container elementor-column-gap-default\">\n\t\t\t\t\t<div class=\"elementor-column elementor-col-100 elementor-inner-column elementor-element elementor-element-258eacf5\" data-id=\"258eacf5\" data-element_type=\"column\">\n\t\t\t<div class=\"elementor-widget-wrap elementor-element-populated\">\n\t\t\t\t\t\t<div class=\"elementor-element elementor-element-430647d5 elementor-widget elementor-widget-heading\" data-id=\"430647d5\" data-element_type=\"widget\" data-widget_type=\"heading.default\">\n\t\t\t\t<div class=\"elementor-widget-container\">\n\t\t\t\t\t<p class=\"elementor-heading-title elementor-size-small\"><a href=\"https:\/\/inclusionsinlimitaciones.cl\/index.php\/pc5\">Proyecto 5<\/a><\/p>\t\t\t\t<\/div>\n\t\t\t\t<\/div>\n\t\t\t\t<div class=\"elementor-element elementor-element-5e05664e elementor-widget elementor-widget-text-editor\" data-id=\"5e05664e\" data-element_type=\"widget\" data-widget_type=\"text-editor.default\">\n\t\t\t\t<div class=\"elementor-widget-container\">\n\t\t\t\t\t\t\t\t\t<p>FONDO MIDESO CHILE COMPROMISO DE TODOS 2021<\/p>\t\t\t\t\t\t\t\t<\/div>\n\t\t\t\t<\/div>\n\t\t\t\t\t<\/div>\n\t\t<\/div>\n\t\t\t\t\t<\/div>\n\t\t<\/section>\n\t\t\t\t\t<\/div>\n\t\t<\/div>\n\t\t\t\t<div class=\"elementor-column elementor-col-33 elementor-top-column elementor-element elementor-element-56bfa788 hexasombra\" data-id=\"56bfa788\" data-element_type=\"column\">\n\t\t\t<div class=\"elementor-widget-wrap elementor-element-populated\">\n\t\t\t\t\t\t<section class=\"elementor-section elementor-inner-section elementor-element elementor-element-45de61d1 elementor-section-height-min-height elementor-section-content-middle hexagono elementor-section-boxed elementor-section-height-default\" data-id=\"45de61d1\" data-element_type=\"section\" data-settings=\"{&quot;background_background&quot;:&quot;classic&quot;}\">\n\t\t\t\t\t\t\t<div class=\"elementor-background-overlay\"><\/div>\n\t\t\t\t\t\t\t<div class=\"elementor-container elementor-column-gap-default\">\n\t\t\t\t\t<div class=\"elementor-column elementor-col-100 elementor-inner-column elementor-element elementor-element-5e951bd3\" data-id=\"5e951bd3\" data-element_type=\"column\">\n\t\t\t<div class=\"elementor-widget-wrap elementor-element-populated\">\n\t\t\t\t\t\t<div class=\"elementor-element elementor-element-441faf0d elementor-widget elementor-widget-heading\" data-id=\"441faf0d\" data-element_type=\"widget\" data-widget_type=\"heading.default\">\n\t\t\t\t<div class=\"elementor-widget-container\">\n\t\t\t\t\t<p class=\"elementor-heading-title elementor-size-small\"><a href=\"https:\/\/inclusionsinlimitaciones.cl\/index.php\/pc6\/\">Proyecto 6<\/a><\/p>\t\t\t\t<\/div>\n\t\t\t\t<\/div>\n\t\t\t\t<div class=\"elementor-element elementor-element-641305cd elementor-widget elementor-widget-text-editor\" data-id=\"641305cd\" data-element_type=\"widget\" data-widget_type=\"text-editor.default\">\n\t\t\t\t<div class=\"elementor-widget-container\">\n\t\t\t\t\t\t\t\t\t<p>FONDO MIDESO CHILE COMPROMISO DE TODOS 2021<br \/>\u00a02\u00b0 SEMESTRE<\/p>\t\t\t\t\t\t\t\t<\/div>\n\t\t\t\t<\/div>\n\t\t\t\t\t<\/div>\n\t\t<\/div>\n\t\t\t\t\t<\/div>\n\t\t<\/section>\n\t\t\t\t\t<\/div>\n\t\t<\/div>\n\t\t\t\t\t<\/div>\n\t\t<\/section>\n\t\t\t\t<\/div>\n\t\t","protected":false},"excerpt":{"rendered":"<p>Proyecto 1 FONDO FOMENTO DE FORTALECIMIENTO DE LAS ORGANIZACIONES DE INTER\u00c9S P\u00daBLICO (FFOIP) 2020 Proyecto 2 FONDO FOMENTO DE FORTALECIMIENTO DE LAS ORGANIZACIONES DE INTER\u00c9S P\u00daBLICO (FFOIP) 2021 Proyecto 3 SENADIS FONDO FONAPI 2020 Proyecto 4 SENADIS FONDO FONAPI 2021 Proyecto 5 FONDO MIDESO CHILE COMPROMISO DE TODOS 2021 Proyecto 6 FONDO MIDESO CHILE COMPROMISO &hellip; <a href=\"https:\/\/inclusionsinlimitaciones.cl\/index.php\/proyectos-cerrados\/\" class=\"more-link\">Continue reading <span class=\"screen-reader-text\">Cerrados<\/span><\/a><\/p>\n","protected":false},"author":1,"featured_media":4928,"parent":0,"menu_order":0,"comment_status":"closed","ping_status":"closed","template":"","meta":{"footnotes":""},"class_list":["post-5891","page","type-page","status-publish","has-post-thumbnail","hentry"],"_links":{"self":[{"href":"https:\/\/inclusionsinlimitaciones.cl\/index.php\/wp-json\/wp\/v2\/pages\/5891","targetHints":{"allow":["GET"]}}],"collection":[{"href":"https:\/\/inclusionsinlimitaciones.cl\/index.php\/wp-json\/wp\/v2\/pages"}],"about":[{"href":"https:\/\/inclusionsinlimitaciones.cl\/index.php\/wp-json\/wp\/v2\/types\/page"}],"author":[{"embeddable":true,"href":"https:\/\/inclusionsinlimitaciones.cl\/index.php\/wp-json\/wp\/v2\/users\/1"}],"replies":[{"embeddable":true,"href":"https:\/\/inclusionsinlimitaciones.cl\/index.php\/wp-json\/wp\/v2\/comments?post=5891"}],"version-history":[{"count":128,"href":"https:\/\/inclusionsinlimitaciones.cl\/index.php\/wp-json\/wp\/v2\/pages\/5891\/revisions"}],"predecessor-version":[{"id":6152,"href":"https:\/\/inclusionsinlimitaciones.cl\/index.php\/wp-json\/wp\/v2\/pages\/5891\/revisions\/6152"}],"wp:featuredmedia":[{"embeddable":true,"href":"https:\/\/inclusionsinlimitaciones.cl\/index.php\/wp-json\/wp\/v2\/media\/4928"}],"wp:attachment":[{"href":"https:\/\/inclusionsinlimitaciones.cl\/index.php\/wp-json\/wp\/v2\/media?parent=5891"}],"curies":[{"name":"wp","href":"https:\/\/api.w.org\/{rel}","templated":true}]}}