{"id":3421,"date":"2022-05-18T18:54:28","date_gmt":"2022-05-18T18:54:28","guid":{"rendered":"https:\/\/inclusionsinlimitaciones.cl\/?page_id=3421"},"modified":"2022-11-28T23:45:13","modified_gmt":"2022-11-28T23:45:13","slug":"calidad-vida","status":"publish","type":"page","link":"https:\/\/inclusionsinlimitaciones.cl\/index.php\/inclusion\/calidad-vida\/","title":{"rendered":"Calidad de Vida"},"content":{"rendered":"\t\t<div data-elementor-type=\"wp-page\" data-elementor-id=\"3421\" class=\"elementor elementor-3421\">\n\t\t\t\t\t\t<section class=\"elementor-section elementor-top-section elementor-element elementor-element-56d39733 elementor-section-boxed elementor-section-height-default elementor-section-height-default\" data-id=\"56d39733\" data-element_type=\"section\">\n\t\t\t\t\t\t<div class=\"elementor-container elementor-column-gap-default\">\n\t\t\t\t\t<div class=\"elementor-column elementor-col-100 elementor-top-column elementor-element elementor-element-1cd7a32b\" data-id=\"1cd7a32b\" data-element_type=\"column\">\n\t\t\t<div class=\"elementor-widget-wrap elementor-element-populated\">\n\t\t\t\t\t\t<div class=\"elementor-element elementor-element-3f5b6c12 elementor-widget elementor-widget-text-editor\" data-id=\"3f5b6c12\" data-element_type=\"widget\" data-widget_type=\"text-editor.default\">\n\t\t\t\t<div class=\"elementor-widget-container\">\n\t\t\t\t\t\t\t\t\t<p>Ofrecemos variados talleres dirigidos a mejorar los niveles de actividad f\u00edsica y salud mental de las\u00a0<span style=\"font-size: 17px;\">personas con discapacidad intelectual. Nos enfocamos en disminuir los factores de riesgo como la\u00a0<\/span><span style=\"font-size: 17px;\">obesidad (el doble que en la poblaci\u00f3n general) y el sedentarismo, as\u00ed como tambi\u00e9n en potenciar\u00a0<\/span><span style=\"font-size: 17px;\">la adquisici\u00f3n y consolidaci\u00f3n de competencias funcionales.<\/span><\/p><p><span style=\"font-family: Roboto, sans-serif; font-size: 17px; font-style: normal; font-weight: 400;\">\u25cf\u00a0<\/span>Taller Zumba<br \/><span style=\"font-family: Roboto, sans-serif; font-size: 17px; font-style: normal; font-weight: 400;\">\u25cf\u00a0<\/span><span style=\"font-size: 17px;\">Taller Bujinkan<br \/><\/span><span style=\"font-family: Roboto, sans-serif; font-size: 17px; font-style: normal; font-weight: 400;\">\u25cf\u00a0<\/span><span style=\"font-size: 17px;\">Taller Entrenamiento Funcional<br \/><\/span><span style=\"font-family: Roboto, sans-serif; font-size: 17px; font-style: normal; font-weight: 400;\">\u25cf\u00a0<\/span><span style=\"font-size: 17px;\">T<\/span><span style=\"font-size: 17px;\">aller Nutrici\u00f3n<br \/><\/span><span style=\"font-family: Roboto, sans-serif; font-size: 17px; font-style: normal; font-weight: 400;\">\u25cf\u00a0<\/span><span style=\"font-size: 17px;\">Taller Actividad F\u00edsica<\/span><\/p>\t\t\t\t\t\t\t\t<\/div>\n\t\t\t\t<\/div>\n\t\t\t\t\t<\/div>\n\t\t<\/div>\n\t\t\t\t\t<\/div>\n\t\t<\/section>\n\t\t\t\t<\/div>\n\t\t","protected":false},"excerpt":{"rendered":"<p>Ofrecemos variados talleres dirigidos a mejorar los niveles de actividad f\u00edsica y salud mental de las\u00a0personas con discapacidad intelectual. Nos enfocamos en disminuir los factores de riesgo como la\u00a0obesidad (el doble que en la poblaci\u00f3n general) y el sedentarismo, as\u00ed como tambi\u00e9n en potenciar\u00a0la adquisici\u00f3n y consolidaci\u00f3n de competencias funcionales. \u25cf\u00a0Taller Zumba\u25cf\u00a0Taller Bujinkan\u25cf\u00a0Taller Entrenamiento Funcional\u25cf\u00a0Taller &hellip; <a href=\"https:\/\/inclusionsinlimitaciones.cl\/index.php\/inclusion\/calidad-vida\/\" class=\"more-link\">Continue reading <span class=\"screen-reader-text\">Calidad de Vida<\/span><\/a><\/p>\n","protected":false},"author":1,"featured_media":4946,"parent":3412,"menu_order":3,"comment_status":"closed","ping_status":"closed","template":"","meta":{"footnotes":""},"class_list":["post-3421","page","type-page","status-publish","has-post-thumbnail","hentry"],"_links":{"self":[{"href":"https:\/\/inclusionsinlimitaciones.cl\/index.php\/wp-json\/wp\/v2\/pages\/3421","targetHints":{"allow":["GET"]}}],"collection":[{"href":"https:\/\/inclusionsinlimitaciones.cl\/index.php\/wp-json\/wp\/v2\/pages"}],"about":[{"href":"https:\/\/inclusionsinlimitaciones.cl\/index.php\/wp-json\/wp\/v2\/types\/page"}],"author":[{"embeddable":true,"href":"https:\/\/inclusionsinlimitaciones.cl\/index.php\/wp-json\/wp\/v2\/users\/1"}],"replies":[{"embeddable":true,"href":"https:\/\/inclusionsinlimitaciones.cl\/index.php\/wp-json\/wp\/v2\/comments?post=3421"}],"version-history":[{"count":25,"href":"https:\/\/inclusionsinlimitaciones.cl\/index.php\/wp-json\/wp\/v2\/pages\/3421\/revisions"}],"predecessor-version":[{"id":5782,"href":"https:\/\/inclusionsinlimitaciones.cl\/index.php\/wp-json\/wp\/v2\/pages\/3421\/revisions\/5782"}],"up":[{"embeddable":true,"href":"https:\/\/inclusionsinlimitaciones.cl\/index.php\/wp-json\/wp\/v2\/pages\/3412"}],"wp:featuredmedia":[{"embeddable":true,"href":"https:\/\/inclusionsinlimitaciones.cl\/index.php\/wp-json\/wp\/v2\/media\/4946"}],"wp:attachment":[{"href":"https:\/\/inclusionsinlimitaciones.cl\/index.php\/wp-json\/wp\/v2\/media?parent=3421"}],"curies":[{"name":"wp","href":"https:\/\/api.w.org\/{rel}","templated":true}]}}

<div data-elementor-type="wp-page" data-elementor-id="3421" class="elementor elementor-3421">
						<section class="elementor-section elementor-top-section elementor-element elementor-element-56d39733 elementor-section-boxed elementor-section-height-default elementor-section-height-default" data-id="56d39733" data-element_type="section">
						<div class="elementor-container elementor-column-gap-default">
					<div class="elementor-column elementor-col-100 elementor-top-column elementor-element elementor-element-1cd7a32b" data-id="1cd7a32b" data-element_type="column">
			<div class="elementor-widget-wrap elementor-element-populated">
						<div class="elementor-element elementor-element-3f5b6c12 elementor-widget elementor-widget-text-editor" data-id="3f5b6c12" data-element_type="widget" data-widget_type="text-editor.default">
				<div class="elementor-widget-container">
									<p>Ofrecemos variados talleres dirigidos a mejorar los niveles de actividad física y salud mental de las <span style="font-size: 17px;">personas con discapacidad intelectual. Nos enfocamos en disminuir los factores de riesgo como la </span><span style="font-size: 17px;">obesidad (el doble que en la población general) y el sedentarismo, así como también en potenciar </span><span style="font-size: 17px;">la adquisición y consolidación de competencias funcionales.</span></p><p><span style="font-family: Roboto, sans-serif; font-size: 17px; font-style: normal; font-weight: 400;">● </span>Taller Zumba<br /><span style="font-family: Roboto, sans-serif; font-size: 17px; font-style: normal; font-weight: 400;">● </span><span style="font-size: 17px;">Taller Bujinkan<br /></span><span style="font-family: Roboto, sans-serif; font-size: 17px; font-style: normal; font-weight: 400;">● </span><span style="font-size: 17px;">Taller Entrenamiento Funcional<br /></span><span style="font-family: Roboto, sans-serif; font-size: 17px; font-style: normal; font-weight: 400;">● </span><span style="font-size: 17px;">T</span><span style="font-size: 17px;">aller Nutrición<br /></span><span style="font-family: Roboto, sans-serif; font-size: 17px; font-style: normal; font-weight: 400;">● </span><span style="font-size: 17px;">Taller Actividad Física</span></p>								</div>
				</div>
					</div>
		</div>
					</div>
		</section>
				</div>

<p>Ofrecemos variados talleres dirigidos a mejorar los niveles de actividad física y salud mental de las personas con discapacidad intelectual. Nos enfocamos en disminuir los factores de riesgo como la obesidad (el doble que en la población general) y el sedentarismo, así como también en potenciar la adquisición y consolidación de competencias funcionales. ● Taller Zumba● Taller Bujinkan● Taller Entrenamiento Funcional● Taller &hellip; <a href="https://inclusionsinlimitaciones.cl/index.php/inclusion/calidad-vida/" class="more-link">Continue reading <span class="screen-reader-text">Calidad de Vida</span></a></p>
